{"id":29,"date":"2019-06-26T06:31:18","date_gmt":"2019-06-26T06:31:18","guid":{"rendered":"https:\/\/motiontheme.com\/ideabuz\/?page_id=29"},"modified":"2025-10-23T09:35:17","modified_gmt":"2025-10-23T12:35:17","slug":"apoiar","status":"publish","type":"page","link":"https:\/\/flytech.org.br\/2025\/apoiar\/","title":{"rendered":"Apoiar"},"content":{"rendered":"\t\t<div data-elementor-type=\"wp-post\" data-elementor-id=\"29\" class=\"elementor elementor-29\">\n\t\t\t\t\t\t<div class=\"elementor-section elementor-top-section elementor-element elementor-element-94fc7f3 elementor-section-full_width elementor-section-height-default elementor-section-height-default wpr-particle-no wpr-jarallax-no wpr-parallax-no wpr-sticky-section-no\" data-id=\"94fc7f3\" data-element_type=\"section\" data-e-type=\"section\" data-settings=\"{&quot;background_background&quot;:&quot;slideshow&quot;,&quot;background_slideshow_gallery&quot;:[{&quot;id&quot;:2630,&quot;url&quot;:&quot;https:\\\/\\\/flytech.org.br\\\/wp-content\\\/uploads\\\/2025\\\/10\\\/apoie.webp&quot;}],&quot;background_slideshow_loop&quot;:&quot;yes&quot;,&quot;background_slideshow_slide_duration&quot;:5000,&quot;background_slideshow_slide_transition&quot;:&quot;fade&quot;,&quot;background_slideshow_transition_duration&quot;:500}\">\n\t\t\t\t\t\t\t<div class=\"elementor-background-overlay\"><\/div>\n\t\t\t\t\t\t\t<div class=\"elementor-container elementor-column-gap-no\">\n\t\t\t\t\t<div class=\"elementor-column elementor-col-100 elementor-top-column elementor-element elementor-element-5d7dd36\" data-id=\"5d7dd36\" data-element_type=\"column\" data-e-type=\"column\">\n\t\t\t<div class=\"elementor-widget-wrap elementor-element-populated\">\n\t\t\t\t\t\t<div class=\"elementor-element elementor-element-33cf97f elementor-widget elementor-widget-singlebanner\" data-id=\"33cf97f\" data-element_type=\"widget\" data-e-type=\"widget\" data-widget_type=\"singlebanner.default\">\n\t\t\t\t<div class=\"elementor-widget-container\">\n\t\t\t\t\t        <section class=\"banner\">\r\n            <div class=\"container\">\r\n                <div class=\"row justify-content-center\">\r\n                    <div class=\"col-lg-10\">\r\n                        <!-- Banner Content Begin -->\r\n                        <div class=\"banner-content text-white text-center\">\r\n                            <h1>APOIE<\/h1><p>Fa\u00e7a parte da transforma\u00e7\u00e3o da avia\u00e7\u00e3o<\/p>                        <\/div>\r\n                        <!-- Banner Content End -->\r\n                    <\/div>\r\n                <\/div>\r\n            <\/div>\r\n            <img decoding=\"async\" src=\"https:\/\/flytech.org.br\/2025\/wp-content\/themes\/ideabuz\/assets\/img\/shapes\/slider-shape.svg\" alt=\"slider shape\"  class=\"svg wave-shape\" \/>        <\/section>\r\n        <!-- banner End -->\r\n        <!-- Modal Form Begin -->\r\n        \t\t\t\t<\/div>\n\t\t\t\t<\/div>\n\t\t\t\t\t<\/div>\n\t\t<\/div>\n\t\t\t\t\t<\/div>\n\t\t<\/div>\n\t\t\t\t<section class=\"elementor-section elementor-top-section elementor-element elementor-element-51921d0 elementor-section-boxed elementor-section-height-default elementor-section-height-default wpr-particle-no wpr-jarallax-no wpr-parallax-no wpr-sticky-section-no\" data-id=\"51921d0\" data-element_type=\"section\" data-e-type=\"section\">\n\t\t\t\t\t\t<div class=\"elementor-container elementor-column-gap-no\">\n\t\t\t\t\t<div class=\"elementor-column elementor-col-100 elementor-top-column elementor-element elementor-element-cf1d7f9\" data-id=\"cf1d7f9\" data-element_type=\"column\" data-e-type=\"column\">\n\t\t\t<div class=\"elementor-widget-wrap elementor-element-populated\">\n\t\t\t\t\t\t<div class=\"elementor-element elementor-element-010e0d3 elementor-widget elementor-widget-sectiontitle\" data-id=\"010e0d3\" data-element_type=\"widget\" data-e-type=\"widget\" data-widget_type=\"sectiontitle.default\">\n\t\t\t\t<div class=\"elementor-widget-container\">\n\t\t\t\t\t<div class=\"section-title text-center\"><h2 class=\"title\">QUER CONTRIBUIR PARA O FUTURO DA AVIA\u00c7\u00c3O?<\/h2><p>Sua doa\u00e7\u00e3o nos ajuda a capacitar talentos, desenvolver conte\u00fados educacionais e fomentar projetos estrat\u00e9gicos que impulsionam a inova\u00e7\u00e3o no setor aeroespacial brasileiro. Cada contribui\u00e7\u00e3o fortalece um ecossistema que conecta conhecimento, tecnologia e impacto social.<\/p><\/div>\t\t\t\t<\/div>\n\t\t\t\t<\/div>\n\t\t\t\t\t<\/div>\n\t\t<\/div>\n\t\t\t\t\t<\/div>\n\t\t<\/section>\n\t\t\t\t<section class=\"elementor-section elementor-top-section elementor-element elementor-element-c6943a1 elementor-section-boxed elementor-section-height-default elementor-section-height-default wpr-particle-no wpr-jarallax-no wpr-parallax-no wpr-sticky-section-no\" data-id=\"c6943a1\" data-element_type=\"section\" data-e-type=\"section\">\n\t\t\t\t\t\t<div class=\"elementor-container elementor-column-gap-no\">\n\t\t\t\t\t<div class=\"elementor-column elementor-col-100 elementor-top-column elementor-element elementor-element-975fbd1\" data-id=\"975fbd1\" data-element_type=\"column\" data-e-type=\"column\">\n\t\t\t<div class=\"elementor-widget-wrap elementor-element-populated\">\n\t\t\t\t\t\t<div class=\"elementor-element elementor-element-54ed180 elementor-widget elementor-widget-sectiontitle\" data-id=\"54ed180\" data-element_type=\"widget\" data-e-type=\"widget\" data-widget_type=\"sectiontitle.default\">\n\t\t\t\t<div class=\"elementor-widget-container\">\n\t\t\t\t\t<div class=\"section-title text-center\"><p>DOE AGORA E FA\u00c7A PARTE DESSA MISS\u00c3O!<\/p><\/div>\t\t\t\t<\/div>\n\t\t\t\t<\/div>\n\t\t\t\t\t<\/div>\n\t\t<\/div>\n\t\t\t\t\t<\/div>\n\t\t<\/section>\n\t\t\t\t<section class=\"elementor-section elementor-top-section elementor-element elementor-element-45a0b89 elementor-section-boxed elementor-section-height-default elementor-section-height-default wpr-particle-no wpr-jarallax-no wpr-parallax-no wpr-sticky-section-no\" data-id=\"45a0b89\" data-element_type=\"section\" data-e-type=\"section\">\n\t\t\t\t\t\t<div class=\"elementor-container elementor-column-gap-extended\">\n\t\t\t\t\t<div class=\"elementor-column elementor-col-33 elementor-top-column elementor-element elementor-element-0f4238d\" data-id=\"0f4238d\" data-element_type=\"column\" data-e-type=\"column\">\n\t\t\t<div class=\"elementor-widget-wrap elementor-element-populated\">\n\t\t\t\t\t\t<div class=\"elementor-element elementor-element-bedf93e elementor-widget elementor-widget-sectiontitle\" data-id=\"bedf93e\" data-element_type=\"widget\" data-e-type=\"widget\" data-widget_type=\"sectiontitle.default\">\n\t\t\t\t<div class=\"elementor-widget-container\">\n\t\t\t\t\t<div class=\"section-title text-center\"><h2 class=\"title\">DOA\u00c7\u00d5ES NACIONAIS<\/h2><\/div>\t\t\t\t<\/div>\n\t\t\t\t<\/div>\n\t\t\t\t<div class=\"elementor-element elementor-element-a303447 elementor-widget elementor-widget-image\" data-id=\"a303447\" data-element_type=\"widget\" data-e-type=\"widget\" data-widget_type=\"image.default\">\n\t\t\t\t\t\t\t\t\t\t\t\t\t\t\t<img fetchpriority=\"high\" decoding=\"async\" width=\"528\" height=\"228\" src=\"https:\/\/flytech.org.br\/2025\/wp-content\/uploads\/2025\/10\/pix.webp\" class=\"attachment-full size-full wp-image-2377\" alt=\"Doa\u00e7\u00e3o Nacional via PIX\" srcset=\"https:\/\/flytech.org.br\/2025\/wp-content\/uploads\/2025\/10\/pix.webp 528w, https:\/\/flytech.org.br\/2025\/wp-content\/uploads\/2025\/10\/pix-300x130.webp 300w\" sizes=\"(max-width: 528px) 100vw, 528px\" \/>\t\t\t\t\t\t\t\t\t\t\t\t\t\t\t<\/div>\n\t\t\t\t<div class=\"elementor-element elementor-element-fcec7a4 elementor-widget elementor-widget-text-editor\" data-id=\"fcec7a4\" data-element_type=\"widget\" data-e-type=\"widget\" data-widget_type=\"text-editor.default\">\n\t\t\t\t\t\t\t\t\t<p>Pix Copia e Cola<\/p>\t\t\t\t\t\t\t\t<\/div>\n\t\t\t\t<div class=\"elementor-element elementor-element-b9525f8 elementor-widget elementor-widget-html\" data-id=\"b9525f8\" data-element_type=\"widget\" data-e-type=\"widget\" data-widget_type=\"html.default\">\n\t\t\t\t\t<script>\r\n\tfunction copyTextToClipboard($elemento){\r\n\r\n\t\tvar text = $elemento.val();\r\n\r\n\t\tif(!navigator.clipboard){\r\n\t\t\talert('Seu navegador n\u00e3o permite copiar este texto.');\r\n\t\t\treturn;\r\n\t\t}\r\n\t\tnavigator.clipboard.writeText(text).then(function(){\r\n\r\n\t\t\t$elemento.parent().addClass('copiado');\r\n\t\t\tsetTimeout(function(){\r\n\t\t\t\t$elemento.parent().removeClass('copiado');\r\n\t\t\t},5000);\r\n\r\n\t\t},function(err){\r\n\t\t\tconsole.error('Async: could not copy text: ',err);\r\n\t\t});\r\n\t}\r\n<\/script>\r\n\r\n<style>\r\n    .copia-cola { text-align: center; }\r\n    .copia-cola.copiado::after { content: 'C\u00f3digo copiado! :)'; position: absolute; display: flex; align-items: center; justify-content: center; width: 100%; height: 100%; top: 0px; left: 0px; font-size: 16px; color: var(--e-global-color-secondary); font-weight: 700; background: rgba(255,255,255,0.9); z-index: 1; }\r\n    .copiar:hover { color: var(--e-global-color-secondary); }\r\n<\/style>\r\n\r\n<div class=\"copia-cola\">\r\n\t<textarea id=\"copia-cola-pix\" style=\"display:none\">00020101021126440014br.gov.bcb.pix0122doacoes@flytech.org.br5204000053039865802BR5918INSTITUTO FLY TECH6009SAO PAULO622905251K5H36KSWJ7PQ96BKMGV1WZ8N630498F5<\/textarea>\r\n\t<a href=\"#\" class=\"copiar\" id=\"copiar-pix\" onclick=\"copyTextToClipboard(jQuery('#copia-cola-pix')); return false;\">(Clique para copiar)<\/a>\r\n<\/div>\t\t\t\t<\/div>\n\t\t\t\t\t<\/div>\n\t\t<\/div>\n\t\t\t\t<div class=\"elementor-column elementor-col-33 elementor-top-column elementor-element elementor-element-197ab42\" data-id=\"197ab42\" data-element_type=\"column\" data-e-type=\"column\">\n\t\t\t<div class=\"elementor-widget-wrap elementor-element-populated\">\n\t\t\t\t\t\t<div class=\"elementor-element elementor-element-c5ac4b4 elementor-widget__width-initial elementor-hidden-tablet elementor-hidden-mobile elementor-widget-divider--view-line elementor-widget elementor-widget-divider\" data-id=\"c5ac4b4\" data-element_type=\"widget\" data-e-type=\"widget\" data-widget_type=\"divider.default\">\n\t\t\t\t\t\t\t<div class=\"elementor-divider\">\n\t\t\t<span class=\"elementor-divider-separator\">\n\t\t\t\t\t\t<\/span>\n\t\t<\/div>\n\t\t\t\t\t\t<\/div>\n\t\t\t\t<div class=\"elementor-element elementor-element-ab9d48e elementor-hidden-desktop elementor-widget elementor-widget-spacer\" data-id=\"ab9d48e\" data-element_type=\"widget\" data-e-type=\"widget\" data-widget_type=\"spacer.default\">\n\t\t\t\t\t\t\t<div class=\"elementor-spacer\">\n\t\t\t<div class=\"elementor-spacer-inner\"><\/div>\n\t\t<\/div>\n\t\t\t\t\t\t<\/div>\n\t\t\t\t\t<\/div>\n\t\t<\/div>\n\t\t\t\t<div class=\"elementor-column elementor-col-33 elementor-top-column elementor-element elementor-element-fcd3f48\" data-id=\"fcd3f48\" data-element_type=\"column\" data-e-type=\"column\">\n\t\t\t<div class=\"elementor-widget-wrap elementor-element-populated\">\n\t\t\t\t\t\t<div class=\"elementor-element elementor-element-c348313 elementor-widget elementor-widget-sectiontitle\" data-id=\"c348313\" data-element_type=\"widget\" data-e-type=\"widget\" data-widget_type=\"sectiontitle.default\">\n\t\t\t\t<div class=\"elementor-widget-container\">\n\t\t\t\t\t<div class=\"section-title text-center\"><h2 class=\"title\">DOA\u00c7\u00d5ES INTERNACIONAIS<\/h2><\/div>\t\t\t\t<\/div>\n\t\t\t\t<\/div>\n\t\t\t\t<div class=\"elementor-element elementor-element-c4600c4 elementor-widget elementor-widget-html\" data-id=\"c4600c4\" data-element_type=\"widget\" data-e-type=\"widget\" data-widget_type=\"html.default\">\n\t\t\t\t\t<style>\r\n    .paypal { text-align: center; }\r\n    #paypal-container-SVF6N5LQVEZPJ { margin: 0px auto; text-align: center; }\r\n    .css-178qcrb { margin: 0px auto; }\r\n<\/style>\r\n\r\n<div class=\"paypal\">\r\n\t<script src=\"https:\/\/www.paypal.com\/sdk\/js?client-id=BAAJPg43k_Puq1aLSdUTkSdtdaroXztoiCsnDur-FY9L9Lxv37Z05Pu4DhPkWUofAsBBNMAKxr-maD8jI0&components=hosted-buttons&disable-funding=venmo&currency=USD\"><\/script>\r\n\t<div id=\"paypal-container-SVF6N5LQVEZPJ\"><\/div>\r\n\t\r\n\t<script>\r\n\t  paypal.HostedButtons({\r\n\t    hostedButtonId: \"SVF6N5LQVEZPJ\",\r\n\t  }).render(\"#paypal-container-SVF6N5LQVEZPJ\")\r\n\t<\/script>\r\n\r\n\t<!-- -->\r\n\r\n\t<script>\r\n\t  document.addEventListener(\"DOMContentLoaded\", (event) => {\r\n\t    paypal.HostedButtons({\r\n\t      hostedButtonId: \"SVF6N5LQVEZPJ\"\r\n\t    })\r\n\t    .render(\"#paypal-container-SVF6N5LQVEZPJ\")\r\n\t  })\r\n\t<\/script>\r\n\t\r\n\t<div id=\"paypal-container-SVF6N5LQVEZPJ\"><\/div>\r\n<\/div>\t\t\t\t<\/div>\n\t\t\t\t\t<\/div>\n\t\t<\/div>\n\t\t\t\t\t<\/div>\n\t\t<\/section>\n\t\t\t\t<\/div>\n\t\t","protected":false},"excerpt":{"rendered":"<p>APOIE Fa\u00e7a parte da transforma\u00e7\u00e3o da avia\u00e7\u00e3o QUER CONTRIBUIR PARA O FUTURO DA AVIA\u00c7\u00c3O? Sua doa\u00e7\u00e3o nos ajuda a capacitar talentos, desenvolver conte\u00fados educacionais e fomentar<\/p>\n","protected":false},"author":1,"featured_media":0,"parent":0,"menu_order":0,"comment_status":"closed","ping_status":"closed","template":"template-builder.php","meta":{"footnotes":""},"class_list":["post-29","page","type-page","status-publish","hentry"],"yoast_head":"<!-- This site is optimized with the Yoast SEO plugin v27.2 - https:\/\/yoast.com\/product\/yoast-seo-wordpress\/ -->\n<title>Apoiar - Flytech - Conectando talentos, empresas e ideias.<\/title>\n<meta name=\"robots\" content=\"index, follow, max-snippet:-1, max-image-preview:large, max-video-preview:-1\" \/>\n<link rel=\"canonical\" href=\"https:\/\/flytech.org.br\/2025\/apoiar\/\" \/>\n<meta property=\"og:locale\" content=\"pt_BR\" \/>\n<meta property=\"og:type\" content=\"article\" \/>\n<meta property=\"og:title\" content=\"Apoiar - Flytech - Conectando talentos, empresas e ideias.\" \/>\n<meta property=\"og:description\" content=\"APOIE Fa\u00e7a parte da transforma\u00e7\u00e3o da avia\u00e7\u00e3o QUER CONTRIBUIR PARA O FUTURO DA AVIA\u00c7\u00c3O? Sua doa\u00e7\u00e3o nos ajuda a capacitar talentos, desenvolver conte\u00fados educacionais e fomentar\" \/>\n<meta property=\"og:url\" content=\"https:\/\/flytech.org.br\/2025\/apoiar\/\" \/>\n<meta property=\"og:site_name\" content=\"Flytech - Conectando talentos, empresas e ideias.\" \/>\n<meta property=\"article:modified_time\" content=\"2025-10-23T12:35:17+00:00\" \/>\n<meta property=\"og:image\" content=\"https:\/\/flytech.org.br\/2025\/wp-content\/themes\/ideabuz\/assets\/img\/shapes\/slider-shape.svg\" \/>\n<meta name=\"twitter:card\" content=\"summary_large_image\" \/>\n<meta name=\"twitter:label1\" content=\"Est. tempo de leitura\" \/>\n\t<meta name=\"twitter:data1\" content=\"1 minuto\" \/>\n<script type=\"application\/ld+json\" class=\"yoast-schema-graph\">{\"@context\":\"https:\/\/schema.org\",\"@graph\":[{\"@type\":\"WebPage\",\"@id\":\"https:\/\/flytech.org.br\/2025\/apoiar\/\",\"url\":\"https:\/\/flytech.org.br\/2025\/apoiar\/\",\"name\":\"Apoiar - Flytech - Conectando talentos, empresas e ideias.\",\"isPartOf\":{\"@id\":\"https:\/\/flytech.org.br\/2025\/#website\"},\"primaryImageOfPage\":{\"@id\":\"https:\/\/flytech.org.br\/2025\/apoiar\/#primaryimage\"},\"image\":{\"@id\":\"https:\/\/flytech.org.br\/2025\/apoiar\/#primaryimage\"},\"thumbnailUrl\":\"https:\/\/flytech.org.br\/2025\/wp-content\/themes\/ideabuz\/assets\/img\/shapes\/slider-shape.svg\",\"datePublished\":\"2019-06-26T06:31:18+00:00\",\"dateModified\":\"2025-10-23T12:35:17+00:00\",\"breadcrumb\":{\"@id\":\"https:\/\/flytech.org.br\/2025\/apoiar\/#breadcrumb\"},\"inLanguage\":\"pt-BR\",\"potentialAction\":[{\"@type\":\"ReadAction\",\"target\":[\"https:\/\/flytech.org.br\/2025\/apoiar\/\"]}]},{\"@type\":\"ImageObject\",\"inLanguage\":\"pt-BR\",\"@id\":\"https:\/\/flytech.org.br\/2025\/apoiar\/#primaryimage\",\"url\":\"https:\/\/flytech.org.br\/2025\/wp-content\/themes\/ideabuz\/assets\/img\/shapes\/slider-shape.svg\",\"contentUrl\":\"https:\/\/flytech.org.br\/2025\/wp-content\/themes\/ideabuz\/assets\/img\/shapes\/slider-shape.svg\"},{\"@type\":\"BreadcrumbList\",\"@id\":\"https:\/\/flytech.org.br\/2025\/apoiar\/#breadcrumb\",\"itemListElement\":[{\"@type\":\"ListItem\",\"position\":1,\"name\":\"In\u00edcio\",\"item\":\"https:\/\/flytech.org.br\/\"},{\"@type\":\"ListItem\",\"position\":2,\"name\":\"Apoiar\"}]},{\"@type\":\"WebSite\",\"@id\":\"https:\/\/flytech.org.br\/2025\/#website\",\"url\":\"https:\/\/flytech.org.br\/2025\/\",\"name\":\"Flytech - Conectando talentos, empresas e ideias.\",\"description\":\"\",\"potentialAction\":[{\"@type\":\"SearchAction\",\"target\":{\"@type\":\"EntryPoint\",\"urlTemplate\":\"https:\/\/flytech.org.br\/2025\/?s={search_term_string}\"},\"query-input\":{\"@type\":\"PropertyValueSpecification\",\"valueRequired\":true,\"valueName\":\"search_term_string\"}}],\"inLanguage\":\"pt-BR\"}]}<\/script>\n<!-- \/ Yoast SEO plugin. -->","yoast_head_json":{"title":"Apoiar - Flytech - Conectando talentos, empresas e ideias.","robots":{"index":"index","follow":"follow","max-snippet":"max-snippet:-1","max-image-preview":"max-image-preview:large","max-video-preview":"max-video-preview:-1"},"canonical":"https:\/\/flytech.org.br\/2025\/apoiar\/","og_locale":"pt_BR","og_type":"article","og_title":"Apoiar - Flytech - Conectando talentos, empresas e ideias.","og_description":"APOIE Fa\u00e7a parte da transforma\u00e7\u00e3o da avia\u00e7\u00e3o QUER CONTRIBUIR PARA O FUTURO DA AVIA\u00c7\u00c3O? Sua doa\u00e7\u00e3o nos ajuda a capacitar talentos, desenvolver conte\u00fados educacionais e fomentar","og_url":"https:\/\/flytech.org.br\/2025\/apoiar\/","og_site_name":"Flytech - Conectando talentos, empresas e ideias.","article_modified_time":"2025-10-23T12:35:17+00:00","og_image":[{"url":"https:\/\/flytech.org.br\/2025\/wp-content\/themes\/ideabuz\/assets\/img\/shapes\/slider-shape.svg","type":"","width":"","height":""}],"twitter_card":"summary_large_image","twitter_misc":{"Est. tempo de leitura":"1 minuto"},"schema":{"@context":"https:\/\/schema.org","@graph":[{"@type":"WebPage","@id":"https:\/\/flytech.org.br\/2025\/apoiar\/","url":"https:\/\/flytech.org.br\/2025\/apoiar\/","name":"Apoiar - Flytech - Conectando talentos, empresas e ideias.","isPartOf":{"@id":"https:\/\/flytech.org.br\/2025\/#website"},"primaryImageOfPage":{"@id":"https:\/\/flytech.org.br\/2025\/apoiar\/#primaryimage"},"image":{"@id":"https:\/\/flytech.org.br\/2025\/apoiar\/#primaryimage"},"thumbnailUrl":"https:\/\/flytech.org.br\/2025\/wp-content\/themes\/ideabuz\/assets\/img\/shapes\/slider-shape.svg","datePublished":"2019-06-26T06:31:18+00:00","dateModified":"2025-10-23T12:35:17+00:00","breadcrumb":{"@id":"https:\/\/flytech.org.br\/2025\/apoiar\/#breadcrumb"},"inLanguage":"pt-BR","potentialAction":[{"@type":"ReadAction","target":["https:\/\/flytech.org.br\/2025\/apoiar\/"]}]},{"@type":"ImageObject","inLanguage":"pt-BR","@id":"https:\/\/flytech.org.br\/2025\/apoiar\/#primaryimage","url":"https:\/\/flytech.org.br\/2025\/wp-content\/themes\/ideabuz\/assets\/img\/shapes\/slider-shape.svg","contentUrl":"https:\/\/flytech.org.br\/2025\/wp-content\/themes\/ideabuz\/assets\/img\/shapes\/slider-shape.svg"},{"@type":"BreadcrumbList","@id":"https:\/\/flytech.org.br\/2025\/apoiar\/#breadcrumb","itemListElement":[{"@type":"ListItem","position":1,"name":"In\u00edcio","item":"https:\/\/flytech.org.br\/"},{"@type":"ListItem","position":2,"name":"Apoiar"}]},{"@type":"WebSite","@id":"https:\/\/flytech.org.br\/2025\/#website","url":"https:\/\/flytech.org.br\/2025\/","name":"Flytech - Conectando talentos, empresas e ideias.","description":"","potentialAction":[{"@type":"SearchAction","target":{"@type":"EntryPoint","urlTemplate":"https:\/\/flytech.org.br\/2025\/?s={search_term_string}"},"query-input":{"@type":"PropertyValueSpecification","valueRequired":true,"valueName":"search_term_string"}}],"inLanguage":"pt-BR"}]}},"_links":{"self":[{"href":"https:\/\/flytech.org.br\/2025\/wp-json\/wp\/v2\/pages\/29","targetHints":{"allow":["GET"]}}],"collection":[{"href":"https:\/\/flytech.org.br\/2025\/wp-json\/wp\/v2\/pages"}],"about":[{"href":"https:\/\/flytech.org.br\/2025\/wp-json\/wp\/v2\/types\/page"}],"author":[{"embeddable":true,"href":"https:\/\/flytech.org.br\/2025\/wp-json\/wp\/v2\/users\/1"}],"replies":[{"embeddable":true,"href":"https:\/\/flytech.org.br\/2025\/wp-json\/wp\/v2\/comments?post=29"}],"version-history":[{"count":345,"href":"https:\/\/flytech.org.br\/2025\/wp-json\/wp\/v2\/pages\/29\/revisions"}],"predecessor-version":[{"id":2633,"href":"https:\/\/flytech.org.br\/2025\/wp-json\/wp\/v2\/pages\/29\/revisions\/2633"}],"wp:attachment":[{"href":"https:\/\/flytech.org.br\/2025\/wp-json\/wp\/v2\/media?parent=29"}],"curies":[{"name":"wp","href":"https:\/\/api.w.org\/{rel}","templated":true}]}}