{"id":41,"date":"2019-06-26T06:32:45","date_gmt":"2019-06-26T06:32:45","guid":{"rendered":"https:\/\/motiontheme.com\/ideabuz\/?page_id=41"},"modified":"2025-10-28T10:46:25","modified_gmt":"2025-10-28T13:46:25","slug":"contato","status":"publish","type":"page","link":"https:\/\/flytech.org.br\/2025\/contato\/","title":{"rendered":"Contato"},"content":{"rendered":"\t\t<div data-elementor-type=\"wp-post\" data-elementor-id=\"41\" class=\"elementor elementor-41\">\n\t\t\t\t\t\t<div class=\"elementor-section elementor-top-section elementor-element elementor-element-7340e00 elementor-section-full_width elementor-section-height-default elementor-section-height-default wpr-particle-no wpr-jarallax-no wpr-parallax-no wpr-sticky-section-no\" data-id=\"7340e00\" data-element_type=\"section\" data-e-type=\"section\" data-settings=\"{&quot;background_background&quot;:&quot;slideshow&quot;,&quot;background_slideshow_gallery&quot;:[{&quot;id&quot;:3011,&quot;url&quot;:&quot;https:\\\/\\\/flytech.org.br\\\/wp-content\\\/uploads\\\/2025\\\/10\\\/Contato.webp&quot;}],&quot;background_slideshow_loop&quot;:&quot;yes&quot;,&quot;background_slideshow_slide_duration&quot;:5000,&quot;background_slideshow_slide_transition&quot;:&quot;fade&quot;,&quot;background_slideshow_transition_duration&quot;:500}\">\n\t\t\t\t\t\t\t<div class=\"elementor-background-overlay\"><\/div>\n\t\t\t\t\t\t\t<div class=\"elementor-container elementor-column-gap-no\">\n\t\t\t\t\t<div class=\"elementor-column elementor-col-100 elementor-top-column elementor-element elementor-element-9431bdb\" data-id=\"9431bdb\" data-element_type=\"column\" data-e-type=\"column\">\n\t\t\t<div class=\"elementor-widget-wrap elementor-element-populated\">\n\t\t\t\t\t\t<div class=\"elementor-element elementor-element-e5d74c0 elementor-widget elementor-widget-singlebanner\" data-id=\"e5d74c0\" data-element_type=\"widget\" data-e-type=\"widget\" data-widget_type=\"singlebanner.default\">\n\t\t\t\t<div class=\"elementor-widget-container\">\n\t\t\t\t\t        <section class=\"banner\">\r\n            <div class=\"container\">\r\n                <div class=\"row justify-content-center\">\r\n                    <div class=\"col-lg-10\">\r\n                        <!-- Banner Content Begin -->\r\n                        <div class=\"banner-content text-white text-center\">\r\n                            <h1>CONTATO<\/h1><p>Descubra como impulsionar sua inova\u00e7\u00e3o com apoio t\u00e9cnico e cient\u00edfico de ponta.<\/p>                        <\/div>\r\n                        <!-- Banner Content End -->\r\n                    <\/div>\r\n                <\/div>\r\n            <\/div>\r\n            <img decoding=\"async\" src=\"https:\/\/flytech.org.br\/2025\/wp-content\/themes\/ideabuz\/assets\/img\/shapes\/slider-shape.svg\" alt=\"slider shape\"  class=\"svg wave-shape\" \/>        <\/section>\r\n        <!-- banner End -->\r\n        <!-- Modal Form Begin -->\r\n        \t\t\t\t<\/div>\n\t\t\t\t<\/div>\n\t\t\t\t\t<\/div>\n\t\t<\/div>\n\t\t\t\t\t<\/div>\n\t\t<\/div>\n\t\t\t\t<section class=\"elementor-section elementor-top-section elementor-element elementor-element-fe28c40 elementor-section-boxed elementor-section-height-default elementor-section-height-default wpr-particle-no wpr-jarallax-no wpr-parallax-no wpr-sticky-section-no\" data-id=\"fe28c40\" data-element_type=\"section\" data-e-type=\"section\">\n\t\t\t\t\t\t<div class=\"elementor-container elementor-column-gap-default\">\n\t\t\t\t\t<div class=\"elementor-column elementor-col-100 elementor-top-column elementor-element elementor-element-4f73d33\" data-id=\"4f73d33\" data-element_type=\"column\" data-e-type=\"column\">\n\t\t\t<div class=\"elementor-widget-wrap elementor-element-populated\">\n\t\t\t\t\t\t<div class=\"elementor-element elementor-element-4e3c97f elementor-widget elementor-widget-shortcode\" data-id=\"4e3c97f\" data-element_type=\"widget\" data-e-type=\"widget\" data-widget_type=\"shortcode.default\">\n\t\t\t\t\t\t\t<div class=\"elementor-shortcode\">\n<div class=\"wpcf7 no-js\" id=\"wpcf7-f799-o1\" lang=\"en-US\" dir=\"ltr\" data-wpcf7-id=\"799\">\n<div class=\"screen-reader-response\"><p role=\"status\" aria-live=\"polite\" aria-atomic=\"true\"><\/p> <ul><\/ul><\/div>\n<form action=\"\/2025\/wp-json\/wp\/v2\/pages\/41#wpcf7-f799-o1\" method=\"post\" class=\"wpcf7-form init\" aria-label=\"Contact form\" novalidate=\"novalidate\" data-status=\"init\">\n<fieldset class=\"hidden-fields-container\"><input type=\"hidden\" name=\"_wpcf7\" value=\"799\" \/><input type=\"hidden\" name=\"_wpcf7_version\" value=\"6.1.5\" \/><input type=\"hidden\" name=\"_wpcf7_locale\" value=\"en_US\" \/><input type=\"hidden\" name=\"_wpcf7_unit_tag\" value=\"wpcf7-f799-o1\" \/><input type=\"hidden\" name=\"_wpcf7_container_post\" value=\"0\" \/><input type=\"hidden\" name=\"_wpcf7_posted_data_hash\" value=\"\" \/><input type=\"hidden\" name=\"_wpcf7_recaptcha_response\" value=\"\" \/>\n<\/fieldset>\n<div class=\"contact-form-wrapper\">\n\t<p>Preencha o formul\u00e1rio abaixo para que possamos entender suas necessidades e apresentar a melhor proposta de colabora\u00e7\u00e3o.\n\t<\/p>\n\t<div class=\"row contact-form\">\n\t\t<div class=\"col-md-4\">\n\t\t\t<p><span class=\"wpcf7-form-control-wrap\" data-name=\"your-name\"><input size=\"40\" maxlength=\"400\" class=\"wpcf7-form-control wpcf7-text wpcf7-validates-as-required theme-input-style\" aria-required=\"true\" aria-invalid=\"false\" placeholder=\"Nome *\" value=\"\" type=\"text\" name=\"your-name\" \/><\/span>\n\t\t\t<\/p>\n\t\t<\/div>\n\t\t<div class=\"col-md-4\">\n\t\t\t<p><span class=\"wpcf7-form-control-wrap\" data-name=\"your-email\"><input size=\"40\" maxlength=\"400\" class=\"wpcf7-form-control wpcf7-email wpcf7-validates-as-required wpcf7-text wpcf7-validates-as-email theme-input-style\" aria-required=\"true\" aria-invalid=\"false\" placeholder=\"Email *\" value=\"\" type=\"email\" name=\"your-email\" \/><\/span>\n\t\t\t<\/p>\n\t\t<\/div>\n\t\t<div class=\"col-md-4\">\n\t\t\t<p><span class=\"wpcf7-form-control-wrap\" data-name=\"your-phone\"><input size=\"40\" maxlength=\"400\" class=\"wpcf7-form-control wpcf7-tel wpcf7-validates-as-required wpcf7-text wpcf7-validates-as-tel theme-input-style\" aria-required=\"true\" aria-invalid=\"false\" placeholder=\"Telefone *\" value=\"\" type=\"tel\" name=\"your-phone\" \/><\/span>\n\t\t\t<\/p>\n\t\t<\/div>\n\t\t<div class=\"col-12\">\n\t\t\t<p><span class=\"wpcf7-form-control-wrap\" data-name=\"your-message\"><textarea cols=\"40\" rows=\"10\" maxlength=\"2000\" class=\"wpcf7-form-control wpcf7-textarea wpcf7-validates-as-required theme-input-style\" aria-required=\"true\" aria-invalid=\"false\" placeholder=\"Mensagem *\" name=\"your-message\"><\/textarea><\/span>\n\t\t\t<\/p>\n\t\t<\/div>\n\t\t<p><span class=\"wpcf7-form-control-wrap\" data-name=\"acceptance-65\"><span class=\"wpcf7-form-control wpcf7-acceptance\"><span class=\"wpcf7-list-item\"><label><input type=\"checkbox\" name=\"acceptance-65\" value=\"1\" aria-invalid=\"false\" \/><span class=\"wpcf7-list-item-label\">Concordo com a Pol\u00edtica de Privacidade deste site.<\/span><\/label><\/span><\/span><\/span>\n\t\t<\/p>\n\t\t<div class=\"col-12\">\n\t\t\t<p><button type=\"submit\" class=\"btn wpcf7-submit\"><span>Enviar<\/span><\/button>\n\t\t\t<\/p>\n\t\t<\/div>\n\t<\/div>\n<\/div><div class=\"wpcf7-response-output\" aria-hidden=\"true\"><\/div>\n<\/form>\n<\/div>\n<\/div>\n\t\t\t\t\t\t<\/div>\n\t\t\t\t\t<\/div>\n\t\t<\/div>\n\t\t\t\t\t<\/div>\n\t\t<\/section>\n\t\t\t\t<\/div>\n\t\t","protected":false},"excerpt":{"rendered":"<p>CONTATO Descubra como impulsionar sua inova\u00e7\u00e3o com apoio t\u00e9cnico e cient\u00edfico de ponta.<\/p>\n","protected":false},"author":1,"featured_media":0,"parent":0,"menu_order":0,"comment_status":"closed","ping_status":"closed","template":"template-builder.php","meta":{"footnotes":""},"class_list":["post-41","page","type-page","status-publish","hentry"],"yoast_head":"<!-- This site is optimized with the Yoast SEO plugin v27.2 - https:\/\/yoast.com\/product\/yoast-seo-wordpress\/ -->\n<title>Contato - Flytech - Conectando talentos, empresas e ideias.<\/title>\n<meta name=\"robots\" content=\"index, follow, max-snippet:-1, max-image-preview:large, max-video-preview:-1\" \/>\n<link rel=\"canonical\" href=\"https:\/\/flytech.org.br\/2025\/contato\/\" \/>\n<meta property=\"og:locale\" content=\"pt_BR\" \/>\n<meta property=\"og:type\" content=\"article\" \/>\n<meta property=\"og:title\" content=\"Contato - Flytech - Conectando talentos, empresas e ideias.\" \/>\n<meta property=\"og:description\" content=\"CONTATO Descubra como impulsionar sua inova\u00e7\u00e3o com apoio t\u00e9cnico e cient\u00edfico de ponta.\" \/>\n<meta property=\"og:url\" content=\"https:\/\/flytech.org.br\/2025\/contato\/\" \/>\n<meta property=\"og:site_name\" content=\"Flytech - Conectando talentos, empresas e ideias.\" \/>\n<meta property=\"article:modified_time\" content=\"2025-10-28T13:46:25+00:00\" \/>\n<meta property=\"og:image\" content=\"https:\/\/flytech.org.br\/2025\/wp-content\/themes\/ideabuz\/assets\/img\/shapes\/slider-shape.svg\" \/>\n<meta name=\"twitter:card\" content=\"summary_large_image\" \/>\n<script type=\"application\/ld+json\" class=\"yoast-schema-graph\">{\"@context\":\"https:\/\/schema.org\",\"@graph\":[{\"@type\":\"WebPage\",\"@id\":\"https:\/\/flytech.org.br\/2025\/contato\/\",\"url\":\"https:\/\/flytech.org.br\/2025\/contato\/\",\"name\":\"Contato - Flytech - Conectando talentos, empresas e ideias.\",\"isPartOf\":{\"@id\":\"https:\/\/flytech.org.br\/2025\/#website\"},\"primaryImageOfPage\":{\"@id\":\"https:\/\/flytech.org.br\/2025\/contato\/#primaryimage\"},\"image\":{\"@id\":\"https:\/\/flytech.org.br\/2025\/contato\/#primaryimage\"},\"thumbnailUrl\":\"https:\/\/flytech.org.br\/2025\/wp-content\/themes\/ideabuz\/assets\/img\/shapes\/slider-shape.svg\",\"datePublished\":\"2019-06-26T06:32:45+00:00\",\"dateModified\":\"2025-10-28T13:46:25+00:00\",\"breadcrumb\":{\"@id\":\"https:\/\/flytech.org.br\/2025\/contato\/#breadcrumb\"},\"inLanguage\":\"pt-BR\",\"potentialAction\":[{\"@type\":\"ReadAction\",\"target\":[\"https:\/\/flytech.org.br\/2025\/contato\/\"]}]},{\"@type\":\"ImageObject\",\"inLanguage\":\"pt-BR\",\"@id\":\"https:\/\/flytech.org.br\/2025\/contato\/#primaryimage\",\"url\":\"https:\/\/flytech.org.br\/2025\/wp-content\/themes\/ideabuz\/assets\/img\/shapes\/slider-shape.svg\",\"contentUrl\":\"https:\/\/flytech.org.br\/2025\/wp-content\/themes\/ideabuz\/assets\/img\/shapes\/slider-shape.svg\"},{\"@type\":\"BreadcrumbList\",\"@id\":\"https:\/\/flytech.org.br\/2025\/contato\/#breadcrumb\",\"itemListElement\":[{\"@type\":\"ListItem\",\"position\":1,\"name\":\"In\u00edcio\",\"item\":\"https:\/\/flytech.org.br\/\"},{\"@type\":\"ListItem\",\"position\":2,\"name\":\"Contato\"}]},{\"@type\":\"WebSite\",\"@id\":\"https:\/\/flytech.org.br\/2025\/#website\",\"url\":\"https:\/\/flytech.org.br\/2025\/\",\"name\":\"Flytech - Conectando talentos, empresas e ideias.\",\"description\":\"\",\"potentialAction\":[{\"@type\":\"SearchAction\",\"target\":{\"@type\":\"EntryPoint\",\"urlTemplate\":\"https:\/\/flytech.org.br\/2025\/?s={search_term_string}\"},\"query-input\":{\"@type\":\"PropertyValueSpecification\",\"valueRequired\":true,\"valueName\":\"search_term_string\"}}],\"inLanguage\":\"pt-BR\"}]}<\/script>\n<!-- \/ Yoast SEO plugin. -->","yoast_head_json":{"title":"Contato - Flytech - Conectando talentos, empresas e ideias.","robots":{"index":"index","follow":"follow","max-snippet":"max-snippet:-1","max-image-preview":"max-image-preview:large","max-video-preview":"max-video-preview:-1"},"canonical":"https:\/\/flytech.org.br\/2025\/contato\/","og_locale":"pt_BR","og_type":"article","og_title":"Contato - Flytech - Conectando talentos, empresas e ideias.","og_description":"CONTATO Descubra como impulsionar sua inova\u00e7\u00e3o com apoio t\u00e9cnico e cient\u00edfico de ponta.","og_url":"https:\/\/flytech.org.br\/2025\/contato\/","og_site_name":"Flytech - Conectando talentos, empresas e ideias.","article_modified_time":"2025-10-28T13:46:25+00:00","og_image":[{"url":"https:\/\/flytech.org.br\/2025\/wp-content\/themes\/ideabuz\/assets\/img\/shapes\/slider-shape.svg","type":"","width":"","height":""}],"twitter_card":"summary_large_image","schema":{"@context":"https:\/\/schema.org","@graph":[{"@type":"WebPage","@id":"https:\/\/flytech.org.br\/2025\/contato\/","url":"https:\/\/flytech.org.br\/2025\/contato\/","name":"Contato - Flytech - Conectando talentos, empresas e ideias.","isPartOf":{"@id":"https:\/\/flytech.org.br\/2025\/#website"},"primaryImageOfPage":{"@id":"https:\/\/flytech.org.br\/2025\/contato\/#primaryimage"},"image":{"@id":"https:\/\/flytech.org.br\/2025\/contato\/#primaryimage"},"thumbnailUrl":"https:\/\/flytech.org.br\/2025\/wp-content\/themes\/ideabuz\/assets\/img\/shapes\/slider-shape.svg","datePublished":"2019-06-26T06:32:45+00:00","dateModified":"2025-10-28T13:46:25+00:00","breadcrumb":{"@id":"https:\/\/flytech.org.br\/2025\/contato\/#breadcrumb"},"inLanguage":"pt-BR","potentialAction":[{"@type":"ReadAction","target":["https:\/\/flytech.org.br\/2025\/contato\/"]}]},{"@type":"ImageObject","inLanguage":"pt-BR","@id":"https:\/\/flytech.org.br\/2025\/contato\/#primaryimage","url":"https:\/\/flytech.org.br\/2025\/wp-content\/themes\/ideabuz\/assets\/img\/shapes\/slider-shape.svg","contentUrl":"https:\/\/flytech.org.br\/2025\/wp-content\/themes\/ideabuz\/assets\/img\/shapes\/slider-shape.svg"},{"@type":"BreadcrumbList","@id":"https:\/\/flytech.org.br\/2025\/contato\/#breadcrumb","itemListElement":[{"@type":"ListItem","position":1,"name":"In\u00edcio","item":"https:\/\/flytech.org.br\/"},{"@type":"ListItem","position":2,"name":"Contato"}]},{"@type":"WebSite","@id":"https:\/\/flytech.org.br\/2025\/#website","url":"https:\/\/flytech.org.br\/2025\/","name":"Flytech - Conectando talentos, empresas e ideias.","description":"","potentialAction":[{"@type":"SearchAction","target":{"@type":"EntryPoint","urlTemplate":"https:\/\/flytech.org.br\/2025\/?s={search_term_string}"},"query-input":{"@type":"PropertyValueSpecification","valueRequired":true,"valueName":"search_term_string"}}],"inLanguage":"pt-BR"}]}},"_links":{"self":[{"href":"https:\/\/flytech.org.br\/2025\/wp-json\/wp\/v2\/pages\/41","targetHints":{"allow":["GET"]}}],"collection":[{"href":"https:\/\/flytech.org.br\/2025\/wp-json\/wp\/v2\/pages"}],"about":[{"href":"https:\/\/flytech.org.br\/2025\/wp-json\/wp\/v2\/types\/page"}],"author":[{"embeddable":true,"href":"https:\/\/flytech.org.br\/2025\/wp-json\/wp\/v2\/users\/1"}],"replies":[{"embeddable":true,"href":"https:\/\/flytech.org.br\/2025\/wp-json\/wp\/v2\/comments?post=41"}],"version-history":[{"count":38,"href":"https:\/\/flytech.org.br\/2025\/wp-json\/wp\/v2\/pages\/41\/revisions"}],"predecessor-version":[{"id":3329,"href":"https:\/\/flytech.org.br\/2025\/wp-json\/wp\/v2\/pages\/41\/revisions\/3329"}],"wp:attachment":[{"href":"https:\/\/flytech.org.br\/2025\/wp-json\/wp\/v2\/media?parent=41"}],"curies":[{"name":"wp","href":"https:\/\/api.w.org\/{rel}","templated":true}]}}